7.
109, 15202123
What are the prime factors of 241660787?
239, 953, 1061
What are the prime factors of 16937072?
2, 1058567
What are the prime factors of 2724311967?
3, 13, 69854153
List the prime factors of 274513106.
2, 7, 19608079
What are the prime factors of 62582753?
89, 641, 1097
List the prime factors of 109930422.
2, 3, 7, 167, 2239
What are the prime factors of 77502162?
2, 3, 12917027
What are the prime factors of 4685572533?
3, 14939, 104549
List the prime factors of 2818306292.
2, 419, 941, 1787
What are the prime factors of 1026950372?
2, 7, 61, 601259
List the prime factors of 40982943.
3, 19, 718999
List the prime factors of 86113842.
2, 3, 14352307
List the prime factors of 33729001.
29, 1163069
List the prime factors of 590626296.
2, 3, 13, 29, 7253
List the prime factors of 71524404.
2, 3, 7, 37, 2557
List the prime factors of 137912559.
3, 59, 389, 2003
What are the prime factors of 741547536?
2, 3, 15448907
What are the prime factors of 43502631?
3, 67, 216431
What are the prime factors of 54470920?
2, 5, 7, 227, 857
List the prime factors of 1163422814.
2, 581711407
What are the prime factors of 439892087?
73, 107, 199, 283
List the prime factors of 2533205304.
2, 3, 7, 409, 12289
What are the prime factors of 98046870?
2, 3, 5, 3268229
What are the prime factors of 36454161?
3, 1009, 12043
What are the prime factors of 606221279?
606221279
List the prime factors of 56019347.
47, 101, 11801
List the prime factors of 2446141241.
23, 1367, 77801
List the prime factors of 277953410.
2, 5, 7, 3970763
List the prime factors of 146942611.
17, 349, 24767
What are the prime factors of 26463278?
2, 13231639
What are the prime factors of 193112925?
3, 5, 2574839
List the prime factors of 67123447.
19, 3532813
What are the prime factors of 4189483596?
2, 3, 349123633
List the prime factors of 119671688.
2, 14958961
What are the prime factors of 2238499213?
2238499213
List the prime factors of 39814787.
4289, 9283
List the prime factors of 255484412.
2, 19, 71, 113, 419
What are the prime factors of 157279711?
37, 463, 9181
What are the prime factors of 134754327?
3, 19, 347, 757
List the prime factors of 1418358236.
2, 197, 353, 5099
List the prime factors of 58056220.
2, 5, 2902811
List the prime factors of 2283378165.
3, 5, 163, 311299
What are the prime factors of 1325454789?
3, 743, 594641
List the prime factors of 501689804.
2, 7, 11, 1091, 1493
What are the prime factors of 49272342?
2, 3, 7, 167593
List the prime factors of 79472496.
2, 3, 1655677
What are the prime factors of 3979505?
5, 53, 15017
List the prime factors of 268557144.
2, 3, 59, 89, 2131
List the prime factors of 378246190.
2, 5, 7, 31, 37, 673
List the prime factors of 234293470.
2, 5, 3121, 7507
List the prime factors of 209481267.
3, 69827089
What are the prime factors of 34322923?
23, 199, 7499
List the prime factors of 610327742.
2, 59, 73, 70853
List the prime factors of 3233211.
3, 19, 131, 433
What are the prime factors of 85672807?
11, 839, 9283
What are the prime factors of 299110649?
1699, 176051
List the prime factors of 142603599.
3, 17, 199, 14051
List the prime factors of 12115754.
2, 7, 47, 18413
What are the prime factors of 7364846974?
2, 23, 41, 169783
List the prime factors of 61610909.
101, 307, 1987
What are the prime factors of 38405288?
2, 4800661
List the prime factors of 455487544.
2, 2683, 21221
List the prime factors of 179421573.
3, 59807191
List the prime factors of 973433142.
2, 3, 11, 107, 4177
What are the prime factors of 485923472?
2, 41, 740737
List the prime factors of 20937340.
2, 5, 1046867
What are the prime factors of 266231283?
3, 88743761
List the prime factors of 2770098.
2, 3, 31, 53, 281
What are the prime factors of 31942082?
2, 17, 409, 2297
What are the prime factors of 162487291?
131, 1240361
List the prime factors of 281392849.
1367, 205847
What are the prime factors of 43271811?
3, 11, 337, 1297
List the prime factors of 68982642.
2, 3, 79, 139, 349
What are the prime factors of 6136286?
2, 13, 17, 13883
List the prime factors of 486857980.
2, 5, 7, 3477557
What are the prime factors of 606220834?
2, 41, 7392937
List the prime factors of 296941467.
3, 31, 3192919
What are the prime factors of 2616301015?
5, 59, 293, 30269
What are the prime factors of 1868132336?
2, 7, 607, 27479
What are the prime factors of 3836060805?
3, 5, 47, 5441221
List the prime factors of 257796046.
2, 3461, 37243
What are the prime factors of 3411199886?
2, 31, 53, 853, 1217
What are the prime factors of 1001043328?
2, 941, 8311
List the prime factors of 607040930.
2, 5, 17, 631, 5659
List the prime factors of 113768888.
2, 2789, 5099
What are the prime factors of 127638532?
2, 7, 31, 3001
List the prime factors of 6376663149.
3, 233, 9122551
What are the prime factors of 233739532?
2, 13, 4494991
List the prime factors of 922006983.
3, 59, 179, 29101
What are the prime factors of 811357645?
5, 7, 37, 61, 10271
List the prime factors of 3471116832.
2, 3, 12052489
What are the prime factors of 1058312452?
2, 271, 976303
List the prime factors of 126051763.
599, 210437
List the prime factors of 1107797872.
2, 1451, 47717
List the prime factors of 32962843.
32962843
List the prime factors of 18612672.
2, 3, 13, 7457
What are the prime factors of 754423511?
754423511
List the prime factors of 190036714.
2, 7, 619, 21929
What are the prime factors of 204397530?
2, 3, 5, 307, 22193
What are the prime factors of 314412050?
2, 5, 6288241
What are the prime factors of 73644016?
2, 691, 6661
What are the prime factors of 1767935774?
2, 11, 17, 97, 48733
List the prime factors of 804758.
2, 402379
List the prime factors of 330672500.
2, 5, 29, 4561
List the prime factors of 112399383.
3, 19, 79, 109, 229
List the prime factors of 51816990.
2, 3, 5, 19, 90907
List the prime factors of 180628047.
3, 67, 71, 4219
What are the prime factors of 20323294?
2, 10161647
List the prime factors of 1284614036.
2, 321153509
What are the prime factors of 44810238?
2, 3, 11, 678943
List the prime factors of 2077952154.
2, 3, 73, 4744183
What are the prime factors of 151408249?
103, 1469983
List the prime factors of 709507577.
349, 2032973
List the prime factors of 341933399.
41, 787, 10597
What are the prime factors of 4743370064?
2, 19, 15603191
List the prime factors of 2678445472.
2, 17, 4923613
What are the prime factors of 89411986?
2, 19, 2352947
What are the prime factors of 2026646862?
2, 3, 47, 71, 101221
List the prime factors of 2960327413.
37, 281, 284729
List the prime factors of 137296014.
2, 3, 19, 487, 2473
List the prime factors of 552455957.
552455957
List the prime factors of 142366135.
5, 28473227
What are the prime factors of 31965362?
2, 11, 13, 111767
List the prime factors of 4008947433.
3, 2393, 558427
What are the prime factors of 905127767?
41, 149, 229, 647
What are the prime factors of 105713860?
2, 5, 7, 107, 7057
What are the prime factors of 492624437?
47, 563, 18617
What are the prime factors of 2374612661?
16493, 143977
List the prime factors of 145751886.
2, 3, 7, 14281
What are the prime factors of 37076035?
5, 37, 107, 1873
List the prime factors of 21996079.
7, 17, 83, 131
List the prime factors of 2156300873.
41887, 51479
List the prime factors of 800212235.
5, 160042447
What are the prime factors of 668164957?
17, 3347, 11743
List the prime factors of 1025457023.
29, 35360587
List the prime factors of 23216490.
2, 3, 5, 11, 7817
List the prime factors of 14165144.
2, 7, 252949
What are the prime factors of 3396230149?
13, 827, 315899
List the prime factors of 52849446.
2, 3, 13, 23, 89, 331
List the prime factors of 139131175.
5, 5565247
What are the prime factors of 2103155167?
23, 4157, 21997
What are the prime factors of 728363893?
41, 17764973
What are the prime factors of 66529117?
66529117
What are the prime factors of 158400862?
2, 23, 619, 5563
What are the prime factors of 7054190387?
109, 167, 387529
List the prime factors of 1537966679.
37, 41566667
What are the prime factors of 261286674?
2, 3, 11, 37, 71, 137
List the prime factors of 699990443.
699990443
List the prime factors of 335296977.
3, 2879, 38821
What are the prime factors of 96341955?
3, 5, 31, 207187
What are the prime factors of 73842272?